0 - j**2. Let q be u(7). Calculate the remainder when ((-102)/(-9) - q)/(1/6) is divided by 13.
11
Let v be (-9)/27*7/(35/(-60)). Suppose 4*i - 118 = -3*n, -8*n = v*i - 3*n - 114. Calculate the remainder when 278 is divided by i.
30
Let d(i) be the first derivative of -i**4/2 - 10*i**3/3 - 6*i**2 + 8*i + 201. Calculate the remainder when d(-6) is divided by 46.
14
Let i(f) = 274*f - 6006. Calculate the remainder when 1394 is divided by i(22).
8
Suppose 0 = -399*j + 368564 - 71189 + 50553. What is the remainder when j is divided by 39?
14
Suppose 4*i = -0*i - 2*u - 71828, 3*u = 3*i + 53862. Let a be 2/(-16) - i/32. Suppose 0 = 16*d - 319 - a. Calculate the remainder when d is divided by 4.
3
Suppose 1186 = 130*g - 128*g. Suppose 0 = -11*r - 10 + g. What is the remainder when r is divided by 7?
4
Let k(c) = -3*c + 6. Let g be k(1). Suppose 179 = g*d - 4. Suppose 0 = -4*q + 4*r + 160, d = 5*q + 3*r - 171. Calculate the remainder when q is divided by 12.
8
Let j = 68 - 54. Let d = -24 + j. What is the remainder when 98 is divided by (-13 - d) + (-20)/(-1)?
13
What is the remainder when ((675/10)/(-9))/(9*5/(-750)) is divided by 37?
14
Let z = -530 + 541. Suppose 0 = -y - 3*q + 3, -z = -y + 8*q - 3*q. Calculate the remainder when y is divided by 3.
0
Let p = 344 + -538. Let s be ((-5 + 9)/(-4))/(2/p). Let v = s - 85. What is the remainder when 42 is divided by v?
6
Suppose 0 = -4*g + g + 93. Let u be (-24)/9 + 2 - 833/(-21). Suppose -4*v = -4*t + 24, -4*v = 4*t - 5*v - u. Calculate the remainder when g is divided by t.
9
Suppose -45*f = -42*f - 39. What is the remainder when 2150/8 + (-5)/(-160)*8 is divided by f?
9
Let r(q) = q**2 - 7*q - 7. Let y(j) = -19*j + 18. Calculate the remainder when y(-4) is divided by r(9).
6
Let s be 143/5 + (-8)/(-20). Suppose s = 2*d - 19. Suppose -421 = -3*l - y, -l + 279*y - 280*y = -137. What is the remainder when l is divided by d?
22
Let x be 12*2/(-3)*6/(-8). Let y(z) = 8 - 15*z + 13*z**2 + x*z - 27 - z**3. What is the remainder when y(12) is divided by 6?
5
Let h = -1799 + 1880. Calculate the remainder when 171 is divided by h.
9
Suppose 5*c - 58 = -318. Let a = c + 78. Let g = 187 - 176. What is the remainder when a is divided by g?
4
What is the remainder when 48520/48 + (-15)/18 is divided by 11?
9
Let r(c) = 122*c + 1976. What is the remainder when r(-14) is divided by 77?
37
Suppose -4*k - 30 = -2*k - 1214. Calculate the remainder when k is divided by 149.
145
Suppose 2*f + 261 = 2269. What is the remainder when f is divided by 28?
24
Suppose 3 = 3*z, -2*b + 171*z + 11 = 166*z. Calculate the remainder when 1207 is divided by b.
7
Suppose -5*n + 292 = -n. Suppose 7 + n = 4*t. What is the remainder when -3*284/(-6) + (-9 - -18) + -13 is divided by t?
18
Suppose -12*j = -2*j - 30. Let c(n) = n**3 - 3*n**2 - 3*n + 4. What is the remainder when c(4) is divided by ((-6)/12)/(j/(-30))?
3
Let i = -2646 + 4395. What is the remainder when i is divided by 12?
9
Let g(k) = 2*k**3 - k**2 + 4*k - 5. Let f be g(2). Suppose -f*a + 126 = 3*a. What is the remainder when 51 is divided by a?
2
Let t = -1931 - -2056. What is the remainder when t is divided by 123?
2
Suppose 0 = 29*k - 2773 - 823. Suppose -5*w = -2*s - k, 4*w - w + 4*s = 90. What is the remainder when w is divided by 18?
8
Suppose 3*n - 2462 = -14*i + 598, 649 = 3*i + 4*n. What is the remainder when i is divided by 170?
49
Calculate the remainder when (1/3)/((-18)/(-16956)) - (7 - 1) is divided by 109.
90
Suppose -4*m + 4279 - 4307 = -4*w, 0 = 3*w + m - 57. Let c = 109 - 39. Let a = c + -41. Calculate the remainder when a is divided by w.
13
Let b(f) = -5*f - 55. Let z(t) = -6*t - 57. Let s(n) = -7*b(n) + 6*z(n). Calculate the remainder when s(17) is divided by 9.
8
Let v(q) = 4*q**2 - 43. Suppose i - 5*i + 1775 = 5*y, 3*i = -2*y + 710. What is the remainder when y is divided by v(-4)?
19
Suppose 1580 = 11*g - 1379. What is the remainder when 1084 is divided by g?
8
Let c(i) = i**2 - 9*i + 35. Let t(s) = -5*s**2 + 36*s - 142. Let h(d) = 9*c(d) + 2*t(d). What is the remainder when h(-10) is divided by 6?
3
Let l = -4678 - -4707. Calculate the remainder when 432 is divided by l.
26
Suppose 15*l - 173*l - 375*l + 53833 = 0. Suppose 5*u - 78 = 2*u. Calculate the remainder when l is divided by u.
23
Suppose 366*i = -347*i + 55*i + 238196. What is the remainder when 519 is divided by i?
157
Calculate the remainder when 243 is divided by 1*(((-30)/(-5) - 10) + 567/7).
12
Suppose 0 = 82*m - 49640 - 110588. What is the remainder when m is divided by 46?
22
Suppose -90*i + 2601 + 8175 - 786 = 0. Calculate the remainder when i is divided by 30.
21
Suppose c = 5*k + 588, 0 = -2*c + 36*k - 38*k + 1164. Calculate the remainder when c is divided by 73.
72
Let o(p) = 29*p - 106. What is the remainder when 2376 is divided by o(5)?
36
Suppose 5*r + o = 2*o + 848, r - 163 = -2*o. Suppose -r = 4*a - 193. Calculate the remainder when 11 is divided by a.
5
Suppose -1371*r - 2982*r = -561537. Let t = 145 + -98. Calculate the remainder when r is divided by t.
35
Let v be (-15)/(-6) + 4 + (-28)/8. Suppose -4*c + c = 3, -123 = -v*t - 3*c. Calculate the remainder when 163 is divided by t.
37
Suppose 0 = 31*i - 4*i + 7*i. Suppose i = -82*v + 80*v + 868. What is the remainder when v is divided by 87?
86
Let s(z) = -z**3 - 29*z**2 + 44*z - 67. What is the remainder when s(-32) is divided by 100?
97
Let s = 18859 - 17171. Calculate the remainder when s is divided by 10.
8
Let w = 102 + -73. Suppose 12*n - 2331 = -459. Let h = 299 - n. Calculate the remainder when h is divided by w.
27
Let r be (-15)/(-9) + (-4)/6. Let l = -7674 + 7674. Calculate the remainder when 42 is divided by 10*(l + (-5)/(-2))*r.
17
Let a = -82 + 86. Suppose -66 = -c - 3*f, -a*c + 366 = c + 3*f. Calculate the remainder when c is divided by 40.
35
Suppose -4*m + 777 = -5*k, 3*k + 228 = 5*m - 753. What is the remainder when 393 is divided by m?
195
Suppose 14 = -2*d, 4*d + 0*d = u - 123. Calculate the remainder when 157 is divided by u.
62
Let g(c) = 2*c**3 - 5*c**2 - 2*c + 7. Let s(h) = -451*h - 53193. Calculate the remainder when g(5) is divided by s(-118).
22
Let n(m) = -m**3 + 20*m**2 + 45*m - 32. Let u be n(22). Let x(r) = -2*r**3 - 17*r**2 + 29*r + 11. Calculate the remainder when 166 is divided by x(u).
19
Let m(g) = g**3 + 4*g**2 - 2*g + 2. Let n be m(-4). What is the remainder when (1 + -13)*(n - 11) is divided by 10?
2
Suppose 5*r = -79 + 44. Let q = r + 26. Calculate the remainder when 62 is divided by q.
5
Calculate the remainder when 851 is divided by (-740)/1295*5943/(-12).
2
Let w(z) = 6 - 1935*z**2 + 1934*z**2 + 70 - 28*z. Calculate the remainder when w(-27) is divided by 11.
4
Let q = -38 + 41. Let a be (-14)/4*(-1 + q). Let d(l) = l**2 + 6*l + 12. Calculate the remainder when d(a) is divided by 10.
9
Suppose -47 - 41 = -2*g. Suppose h - 13 = b + 15, 0 = 4*h - b - 100. What is the remainder when g is divided by h?
20
Suppose -28599 = -5*n + 5326. Calculate the remainder when 188 is divided by 2/13 + n/767.
8
Let g(j) = 448*j + 29158. Calculate the remainder when g(-65) is divided by ((-1)/(-2))/(1/44).
16
Let f be (60 - 30) + 6 + (2 - 3). What is the remainder when 131 is divided by (-1)/(-3 + 100/f)?
5
Let z = 56 + -36. Let u be ((-92)/z + 1)/(3/180). Let k = 22 - u. What is the remainder when k is divided by 24?
22
Suppose 3*n - 12 = 0, 3*v - 27 = -n + 22. Suppose 3 = 5*c + 4*i, 4*c + 4*i = 5*i + v. What is the remainder when 7 is divided by c?
1
Let m = -32 + 53. Suppose -8*r + 3 + m = 0. What is the remainder when 139 is divided by 352/12 + 6 - 1/r?
34
Let t = 73 + -888. Let i = -706 - t. What is the remainder when i is divided by 7?
4
Suppose 3*f + 473 = 4*f. Suppose -6*c = 5*c - f. What is the remainder when c is divided by (-835)/(-55) - (-8)/(-44)?
13
Suppose 4*q - 16 = -4*s, -s + q = -2*q - 8. Let z be 1/((s/(-130))/(-2 - -1)). Let c = -14 + z. What is the remainder when 32 is divided by c?
8
Suppose -4*m + v + 164094 = 0, -4*m - 7*v + 6*v + 164106 = 0. What is the remainder when m is divided by 156?
153
Suppose 10*x = 2*x + 560. Suppose -7*l + 20*l - 468 = -13*l. What is the remainder when x is divided by l?
16
Let f(i) = -380*i + 34. Let j be f(-1). Suppose -37*c + j = -30. What is the r